- -6 - (-2)/(-7). Suppose 10*b + i - 116 = 0. Suppose -h + 38 = 4*t, 2*t + 3 = t. Calculate the greatest common divisor of b and h.
10
Let j be (-15 - -8)*150/21*-3. Suppose -36*z = -34*z - j. Calculate the highest common divisor of 200 and z.
25
Suppose 5*q = 2*w - 32, 2*w - 138 = -3*w - 2*q. Suppose -614*n = 555*n - 1113*n - 8008. What is the highest common divisor of n and w?
13
Suppose 0 = 6*l - 11*l + 240. Let y be (-140)/(-24) - 1/(-6). Calculate the greatest common factor of l and y.
6
Let q be 103 + (-1 - (-4 - -8)). Let x be (140/q + 6/(-14))*20. Calculate the highest common factor of x and 5.
5
Let g = -690 - -786. Let z = 37 + -21. Suppose -12 = 15*w - z*w. Calculate the greatest common factor of w and g.
12
Let i(f) be the third derivative of -f**6/120 - 13*f**5/60 + 3*f**4/4 - 29*f**3/3 - f**2 + 50. Let x be i(-17). What is the greatest common divisor of 72 and x?
72
Let j = -153561 + 153657. Let n = 5 + 7. Calculate the greatest common factor of j and n.
12
Let m be ((2 - 3)*0)/1. Suppose m = t + 5*v - 4, 2*v - 4 = -t + v. Let b = 55 - 31. Calculate the greatest common divisor of b and t.
4
Suppose -4*f - 7*f + 288 = 5*f. Let d be 2948/165 - (-2)/15. Calculate the highest common divisor of f and d.
18
Suppose 0 = -2*l - 10, -214*q + 212*q = 3*l - 6523. Calculate the highest common divisor of q and 7.
7
Let g = 2094 - 579. What is the highest common divisor of 75 and g?
15
Let h(z) = -z**3 - 100*z**2 - 197*z + 98. Let t be h(-98). What is the greatest common factor of t and 4802?
98
Let w be (-1626)/(-15) + 4/(-10). Let f(v) = -2720*v + 4. Let s be f(0). Calculate the greatest common divisor of w and s.
4
Let a(s) = -2*s + 675. Let i be a(-15). What is the highest common divisor of 564 and i?
141
Suppose 0 = -3*o + 8*o - 15. Let z be -3 - (o - 0 - 34). Let t be 21/z - (-50)/8. What is the greatest common factor of t and 63?
7
Let h(k) = -7*k + 3*k - 7 - 3*k. Let z be h(-5). Let j(t) = -14*t**2 - 277*t + 64. Let r be j(-20). What is the highest common factor of z and r?
4
Suppose 2*f + 83034 = -0*f + 16*f. Calculate the greatest common divisor of 9 and f.
9
Let b = -7719 + 7999. What is the greatest common factor of b and 56?
56
Suppose 6*a + 0 = -18. Let m(x) = 32*x - 13. Let p(u) = -33*u + 12. Let d(z) = 4*m(z) + 5*p(z). Let l be d(a). Calculate the highest common divisor of 17 and l.
17
Let n be (-30)/(-4) - (0 + 6/(-12)). Suppose 4*t - 228 + n = 0. Suppose 52*f - 53*f = -t. Calculate the highest common factor of 5 and f.
5
Suppose -67*d + 4598 = -45*d. Let v = 8 + 11. Calculate the highest common factor of v and d.
19
Suppose 3*n - b - 22 = -0, 0 = -5*b - 5. Suppose 3*h + 5*a + 46 = 7*h, h - n = -a. Let u = -2 + 3. What is the greatest common factor of u and h?
1
Let v be 2490/(-12)*48/(-10). Let d = 1796 - v. Suppose 10*x - d + 200 = 0. What is the greatest common divisor of x and 6?
6
Let h(n) = 2*n**3 + 5*n**2 - 28*n + 21. Let t be h(3). What is the greatest common factor of 189 and t?
9
Let h be 35/14*(-204 - 0). Let j = h - -840. Calculate the greatest common factor of j and 30.
30
Let s be (-100 - -2133) + -2 + 6 + -3. Calculate the highest common factor of 36 and s.
18
Suppose -7*z - 618 = -744. Let n be 15*8*z/60 - 0. Suppose b - 10 - 17 = 0. Calculate the greatest common factor of n and b.
9
Let u be 7647 - ((-102)/6)/(-1). What is the greatest common factor of 70 and u?
70
Let p(u) = u**3 - u**2 - u + 1. Let c(d) = -2*d**3 - 12*d**2 - 28. Let m(s) = -c(s) - p(s). Let r be m(-13). Calculate the greatest common divisor of r and 7.
7
Let c be 105/(-14)*(490/(-25) + -2). Let y(x) = 21*x. Let d be y(1). Let b be d*(39/7 - 3). Calculate the greatest common factor of c and b.
54
Let g = -10 - -19. Let k be (-34043)/(-590) + -58 + 1893/10. What is the highest common factor of k and g?
9
Let u(i) = -i + 8. Let d be u(6). Suppose -36 = 2*n - 5*j, d*j = 3*j. Let r = n - -39. What is the greatest common divisor of r and 63?
21
Suppose g + 0*g - 3 = 0. Suppose -g*n + n = -312. Let w be (14 - -4) + 24 + -3. Calculate the highest common divisor of w and n.
39
Let g be 7530160/301 + -4 + 6/7. What is the greatest common factor of g and 33?
33
Let v be 46 + 4/(4/2). Let f = -47123 - -47139. Calculate the greatest common factor of v and f.
16
Suppose 1131*h + 7710 = 1132*h. Calculate the highest common divisor of 30 and h.
30
Let u(k) = -4*k**3 + 15*k**2 + 19*k - 44. Let y be u(2). What is the greatest common divisor of 88 and y?
22
Let c = 45 + -15. What is the greatest common divisor of 1290 and c?
30
Let h(a) = -43*a + 1970. Let p be h(10). What is the greatest common divisor of 66 and p?
22
Let s be -3*((-20)/(-12) + -1). Let q be (((-4)/(-4))/1)/(s/(-4)). Suppose q*u = l - 2*u - 38, 3*l - u = 59. What is the highest common divisor of 45 and l?
9
Suppose -2430 = -204*p + 174*p. What is the greatest common divisor of 5184 and p?
81
Let s(l) = l**3 - 6*l**2 - 10*l + 16. Let w be s(7). Let u be (18/15)/((-1)/w). Let t be (6*3)/(u/4). Calculate the highest common factor of t and 12.
12
Let q(k) = -k**3 + 37*k**2 - 34*k - 27. Let j be q(36). Calculate the greatest common divisor of 465 and j.
15
Let d = 13 - 1. Let k = 18 + d. Suppose 67*w - 785 - 1895 = 0. Calculate the greatest common divisor of w and k.
10
Suppose -55*w + 30024 = 297*w + 204*w. What is the highest common factor of w and 35262?
54
Let i be (3 + -2)/((-2)/(-8)) - 229. Let b be i/(3 + (-24)/6). Calculate the greatest common factor of b and 25.
25
Suppose 5*a - 50 = 5*j, 4*a + 5*j - 11 - 29 = 0. Let g = 100 + -102. Let w be 73 + g + 2*(-1)/2. Calculate the highest common divisor of w and a.
10
Let t = 3372 + -3020. What is the highest common factor of 160 and t?
32
Let n be 2/10 - (-2268)/60. Suppose 0 = s + 46*u - 43*u - 15, 0 = 3*s + 2*u - n. Calculate the highest common divisor of 78 and s.
6
Let f(z) = -33*z - 2. Let p be f(-4). Let i = 42595 + -42569. What is the highest common factor of i and p?
26
Let d = -22 - 35. Let n be (d/9 - -1)/((-1)/12). Let a = 1 + 7. Calculate the highest common factor of a and n.
8
Suppose s = -2*h + 680, -49*h = -52*h - 3. Calculate the greatest common divisor of 806 and s.
62
Suppose -2*p + d = -1075, 3*d = -7*p + 10*p - 1605. Suppose -x + 41 + 13 = -2*g, 4*g - 312 = -5*x. Calculate the greatest common divisor of x and p.
60
Let i(q) = 4*q**2 - 22*q - 2. Let z be i(-2). Let c be z*(-20)/70*(-7)/4. Calculate the greatest common factor of c and 493.
29
Let m = -111 - -12. Suppose -g = -2*v - 3*g - 172, -g = 0. Let c = v - m. What is the greatest common divisor of 65 and c?
13
Suppose u - w - 70 = 0, 190*w = 5*u + 188*w - 350. Calculate the greatest common factor of u and 322.
14
Let q be ((-65)/(-10))/(3/4)*3. What is the highest common factor of q and 21008?
26
Let t = -2472 - -32930. What is the highest common factor of 314 and t?
314
Let c(m) = m**2 - 9*m - 601. Let s be c(-21). Calculate the highest common factor of s and 4379.
29
Suppose 4 = s, -4*t + 4*s + 816 = s. Let n = -75 + 35. Let b be (n/(-6) - -1)*3. Calculate the greatest common factor of b and t.
23
Suppose 0 = 5*f + o - 13700 + 4294, -3*o - 9402 = -5*f. Calculate the greatest common divisor of f and 792.
99
Suppose 4*p - 12487 = 3*z, -2*p + 4*z + 2806 = -3430. What is the greatest common factor of p and 44?
44
Let d = -56 + 57. Let z(n) = 2*n**2 - 3*n + 3. Let m be z(d). Suppose -2*j = -m*h + 48, 0*h - 4*j + 44 = 3*h. Calculate the greatest common factor of h and 30.
10
Suppose 4*u = -5*y + 261, -3*y + 0*y - 61 = -u. Suppose 1 = 4*l - 23. Calculate the highest common divisor of u and l.
2
Let a be (-35 + -36 + 70)/((-1)/880). What is the greatest common factor of a and 1000?
40
Suppose -4770 + 4910 = g. Calculate the greatest common divisor of g and 224.
28
Suppose 0 = 5*g + 5*n - 6 - 1354, 4*n - 16 = 0. Calculate the greatest common divisor of 11926 and g.
134
Let k(a) = 237*a + 1181. Let g be k(-1). Calculate the greatest common factor of g and 688.
16
Let s = 811 - 761. Suppose 11*z + s*z - 1281 = 0. What is the highest common factor of 9 and z?
3
Let d be 3 + (-85)/35 - 17946/(-126). Calculate the highest common factor of d and 169.
13
Suppose 0 = 7*m - 1809 - 1712. Let s = m + -435. What is the greatest common divisor of s and 272?
68
Let v be -17*(0/(-2) - 1)